et w(i) = 2*i**2 + 5*i - 3. Let a be w(-6). Let m = 40 - a. Let h(u) = 268*u**3 + u**2 - 3*u + 2. What are the prime factors of h(m)?
2, 67
Suppose -4*h - 3*t = -34419, -4*h + 13*t + 34416 = 17*t. What are the prime factors of h?
3, 19, 151
Let i(c) be the third derivative of 3*c**4/8 + 5*c**3/6 + 24*c**2. Let u = 21 - 14. List the prime factors of i(u).
2, 17
Let d(w) = 114*w - 55. Let g be d(-5). Let m = -162 - g. List the prime factors of m.
463
What are the prime factors of 205 - (2/3)/(12/198)?
2, 97
Let i be (-2 - (-9)/4)*64/8. Suppose i*y - 1629 = -349. Let p = -388 + y. List the prime factors of p.
2, 3, 7
Let z be (-3 + -1 + 2)*(-74)/37. Suppose 3*l + z*m - 50 = 0, m - 53 = -4*l + 5. What are the prime factors of l?
2, 7
Let g be 4/3 - 16/(-6). Suppose g*f = -2*w + 12, 2*w + 3*w = -3*f + 2. List the prime factors of f.
2
Let u be 1/(-2)*(11 - 11). Suppose u = 3*t + 9. What are the prime factors of ((-81)/(-3))/(t/(-6))?
2, 3
Suppose -4*u - 3*o + 13 + 18 = 0, u - 19 = -3*o. Suppose -1043 = -3*c - u*b, 0 = 4*c - 5*b - 483 - 887. What are the prime factors of c?
3, 5, 23
Let j(l) = -652*l - 4809. List the prime factors of j(-58).
13, 2539
Suppose -6*d - d + 7119 = 0. Suppose -3*q - 3*z = -d, -5*q = -5*z - 1425 - 280. List the prime factors of q.
2, 5, 17
Let d = -34098 - -57997. List the prime factors of d.
23899
Let v(k) = 8 + k**2 - 128*k + 132*k + 0*k**2. What are the prime factors of v(-9)?
53
Suppose -3*c - 3*r = -111, c + 0*r - 5*r - 43 = 0. Let x(v) = 32*v - 56. Let g be x(5). Let h = c + g. What are the prime factors of h?
2, 71
Let n(p) = 999*p - 9422. List the prime factors of n(33).
5, 17, 277
Suppose 0 = -51*v + 52*v - 97. Let r = v - 92. Suppose 21*a - 1808 = r*a. What are the prime factors of a?
113
Let q(c) = 227*c**2 + 49*c - 250. List the prime factors of q(5).
2, 3, 5, 7
Let c = 13181 - 2313. What are the prime factors of c?
2, 11, 13, 19
Suppose -149760 - 113139 = -21*d. What are the prime factors of d?
3, 13, 107
Let v = 16997 - 13766. What are the prime factors of v?
3, 359
Let f be 54*3*(-9)/(-2). Let t = 198 - f. What are the prime factors of t/(-4) + (21/4 - 5)?
7, 19
Let p(z) = -1616*z - 804. List the prime factors of p(-6).
2, 3, 13, 19
Let b be 45/(-15) - (-1 + 34). Let g = -6 + b. Let z = g + 115. List the prime factors of z.
73
Let d(y) = -6*y**3 - 2*y**2 + y - 5. Suppose -w - 5*h = -0*w + 4, 2*w - 2*h + 8 = 0. What are the prime factors of d(w)?
7
Suppose x + 3*x + 176 = -2*l, -2*l - 5*x = 176. List the prime factors of 156*(-5 + l/(-12)) - 0.
2, 7, 13
Let r(j) = 2*j**2 + 4*j + 27. Let z = -92 - -207. Let u = z - 108. What are the prime factors of r(u)?
3, 17
Let h(n) = 687*n**2 - n + 2. Suppose -4*c + 8 = -4*z, -12*z + 1 = 2*c - 11*z. What are the prime factors of h(c)?
2, 43
Let k = -64 - -102. Let d = k - 34. Suppose d*h = 5*h + 4*y - 118, -h = 2*y - 112. List the prime factors of h.
2, 53
Let n(g) = -710*g - 219. Let u be n(-6). Suppose 13*f - u = 7633. What are the prime factors of f?
2, 449
Let f = 113291 + -70686. List the prime factors of f.
5, 8521
Let u = 50 + -232. Let g = 508 + u. List the prime factors of g.
2, 163
Let o(m) = 84*m + 15. Let i(y) = -3*y + 38. Let p be i(12). What are the prime factors of o(p)?
3, 61
Let v = 75 + -77. Let d be 1 + v/((-2)/(-125)). Let h = d + 216. What are the prime factors of h?
2, 23
Let g(v) = v**3 + 153*v**2 + 1169*v - 318. List the prime factors of g(-144).
2, 3, 5, 599
Suppose 6*q = q + 5, 2*q = -3*k + 350. Let y = 323 + k. What are the prime factors of y?
439
What are the prime factors of (-2 - -1 - -22533) + 5*10/(-50)?
22531
Let o(b) = b**2 + 4*b + 12. Let v be (-9)/(9/(-10)) - 1. What are the prime factors of o(v)?
3, 43
What are the prime factors of (2 - 3)*-5*((-67401)/(-45) - -22)?
3, 17, 149
Let w = -10611 - -24325. List the prime factors of w.
2, 6857
Let o(y) = y**2 + 6*y + 2. Let m be o(-4). Let h be 2/m*(-713 - -2). Let q = -157 + h. What are the prime factors of q?
2, 5
Let v = -61 + 70. Let m(r) = -8*r - v - 3 - 2 - 22. What are the prime factors of m(-19)?
2, 29
Let y = 16293 + -6704. What are the prime factors of y?
43, 223
Suppose 44 + 126 = 5*a. Let d(o) = a*o - 6 + 22 - 47. What are the prime factors of d(3)?
71
Let v(a) be the third derivative of a**5/5 - a**4/24 - a**3/3 - 10*a**2 - 27*a. Let y = 2 - 4. List the prime factors of v(y).
2, 3
Let u(d) = 2*d**2 - 80*d - 33. Let w be u(32). Let x = 289 - w. What are the prime factors of x?
2, 3, 139
Let d(n) = 196*n**3 + 725*n**3 - 163 - 5*n + 9*n**2 - 166 + 492 - 166. List the prime factors of d(1).
2, 461
Let z(s) = -94*s + 5689. What are the prime factors of z(-104)?
3, 5, 1031
Suppose 5*r + 1 = 4*t - 44, t - 5 = 0. Suppose -85 = 30*w - 35*w. Let y = w - r. List the prime factors of y.
2, 11
Suppose -5*v + 5*j - 11770 = 0, -v + 4*v + 2*j + 7072 = 0. Let n = 4307 + v. List the prime factors of n.
1951
List the prime factors of 63680/1*(-13)/(-26).
2, 5, 199
What are the prime factors of 166914/5 - (-17 - 1424/(-80))?
2, 16691
Let p(b) = -1758*b - 72. List the prime factors of p(-1).
2, 3, 281
List the prime factors of (-5 + 1516/12)*((-197730)/91)/(-5).
2, 3, 13
Suppose 138 = 5*o + 2*z - 29, -4*z = -2*o + 62. Suppose 3*c + 4*a - 2377 = 0, -2*a + 2381 = 36*c - o*c. List the prime factors of c.
3, 5, 53
Let a(h) = 75*h - 2. Let y(l) = -76*l + 2. Suppose 24 = 5*t - 3*o, 2 = 5*t + 4*o - 1. Let n(d) = t*y(d) + 4*a(d). List the prime factors of n(1).
2, 5, 7
Suppose -12*l - 49*l + 6*l + 24090 = 0. List the prime factors of l.
2, 3, 73
Suppose 0 = -22*c + 15117 + 8445. What are the prime factors of c?
3, 7, 17
What are the prime factors of 40445/(-3)*5364/(-1490)?
2, 3, 8089
Let v(m) = 20*m**3 - 5*m**2 - 80*m - 22. What are the prime factors of v(11)?
3, 11, 761
Let f = -106 + 110. Let k be f*(45/(-12) + 3) + 361. Suppose -5*u + k + 47 = 0. List the prime factors of u.
3
Suppose -25778 = -4*a + 4*d + 48126, 0 = 4*a - 5*d - 73901. List the prime factors of a.
17, 1087
Let o(s) be the first derivative of s**4/4 - 5*s**3/3 - 19*s**2 + 19*s - 147. List the prime factors of o(13).
877
Let r be -85 + 107 + (0 - (-1)/(-1)). Let d(x) = 3*x - 63. Let a be d(r). Suppose 0 = -4*b + 4*f - a*f + 824, -4*b = 4*f - 800. List the prime factors of b.
7, 29
Suppose 0 = -2*y + 7*y + 5*v - 15, -y = 3*v - 1. Suppose y*o = o - 3*g - 159, -2*g = -2. Let u = 118 + o. List the prime factors of u.
2
Let a = 95 - -45. Suppose -5*m = -5*f - a, -4*m = -2*m. What are the prime factors of (-4)/28 + (-648)/f?
23
Let q(d) = -d. Let t(w) = -6*w + 8. Let g(l) = -5*q(l) + t(l). Let p be g(8). Suppose p = -2*u + 6, 146 + 82 = 3*m + 2*u. What are the prime factors of m?
2, 37
Suppose -3*r = -6*r + 12, -4*s + 876 = 5*r. Let j be 1/(-2)*54/(-45)*5. Suppose n = 5*t - s, -j*t - t + 176 = 4*n. What are the prime factors of t?
43
Suppose -58 + 37 = -7*u. Suppose 0 = 3*k + 5*l + 15, 3*k - l + u = -2*l. Suppose k = -p - 0*r - 5*r + 54, 0 = -p - 2*r + 69. What are the prime factors of p?
79
Let j be (-10)/(-65) - 6/39. Suppose 4*k - 1097 - 439 = j. What are the prime factors of k?
2, 3
Let h(o) be the first derivative of o**4/4 - 10*o**3/3 + 3*o**2/2 + 9*o + 17. Let w = -11 + 22. List the prime factors of h(w).
163
Let p = 3071 - -1615. List the prime factors of p.
2, 3, 11, 71
List the prime factors of (-122001 + -20 - 9)/(-5).
2, 12203
Suppose -2*o - 3*z = -3103, 4612 = 3*o - 1076*z + 1072*z. What are the prime factors of o?
2, 193
Suppose 0 = -5*r - 4*j + 16659, -4295 - 2329 = -2*r + 5*j. List the prime factors of r.
3, 1109
Suppose 133388 + 808166 = 146*k. What are the prime factors of k?
6449
Let s(j) = j**2 - 6*j - 21. Let m be s(9). Let g be m/((40/4)/5). Let q(i) = 48*i - 16. What are the prime factors of q(g)?
2
What are the prime factors of 2 - 3/((-27)/360482) - (-32)/72?
2, 3, 1669
Let u = -232 - -229. Let g(b) = -239*b - 103. What are the prime factors of g(u)?
2, 307
Let h(f) = -88*f + 955. Let c be h(11). Let y(p) be the third derivative of p**5/60 + 13*p**4/24 + 9*p**3/2 - p**2. What are the prime factors of y(c)?
3
Let p(r) = 205*r + 20. Let y be p(-2). Let q = y + 741. Suppose -3*o - 4*s + q = 0, -4*o - 79 = -4*s - 519. List the prime factors of o.
113
Let f(t) be the third derivative of -71*t**4/12 + t**3/6 - 4*t**2 + 5